2, 23
Let a(l) = 10*l**2 - 3*l + 1. Let u be a(4). Suppose -5*o = -9 + u. Let x = o + 79. What are the prime factors of x?
3, 17
What are the prime factors of -9 + 0 + 11 + (2 - -3312)?
2, 829
Let x = 136 - -36. Let t be x/(-6) + (-6)/18. Let l = 8 - t. What are the prime factors of l?
37
Let d = 12240 - 8021. List the prime factors of d.
4219
Suppose 0 = -3*x + 5*x - 20. Suppose -4*l + l - x = 4*s, -l - s = 2. Suppose -3*r = -4*o + 20, -2*o - 2*o = l*r - 40. What are the prime factors of o?
2
Suppose 2*a + a = 3*l - 774, 5*l - 258 = a. Let p = -172 - a. List the prime factors of p.
2, 43
Let m = 122 - 12. Let w = -5 + m. List the prime factors of w.
3, 5, 7
Suppose 17*f - 10421 = 23647. What are the prime factors of f?
2, 3, 167
Suppose -6*u = -9*u - 6. List the prime factors of (1/u)/((-16)/1120).
5, 7
Let f(y) = y**2 - 3*y + 1. Let p be f(3). Let w = p + 4. Suppose w*d - v - 41 = 0, 0*v = 4*d + 5*v - 56. What are the prime factors of d?
3
Suppose s + 550 = 2279. List the prime factors of s.
7, 13, 19
Let n = -9 - -38. Let i = n + -16. What are the prime factors of i?
13
Let r(q) = -q**3 - 534*q**2 - 5*q - 4*q + 525*q**2. List the prime factors of r(-9).
3
What are the prime factors of 32764/8 + (-42)/84?
3, 5, 7, 13
Suppose -5556 = 7*a - 20956. List the prime factors of a.
2, 5, 11
List the prime factors of ((-182)/(-35))/(4/(-1240)*-2).
2, 13, 31
What are the prime factors of (-15)/((2/14)/(-1))?
3, 5, 7
What are the prime factors of 4142 + -7*(180/42)/(-5)?
2, 17, 61
Suppose 0 = -33*b + 15*b + 13680. What are the prime factors of b?
2, 5, 19
Let j(x) = -9*x**3 - 3*x - 1. Let r = 38 - 40. List the prime factors of j(r).
7, 11
Let n = 1 + 114. What are the prime factors of n?
5, 23
Suppose 0 = -2*s - 8*s + 3230. Let z = s + -225. List the prime factors of z.
2, 7
Let g(h) = 2 + h + h**3 + 6*h + 9*h**2 + 2. Let s = -1064 + 1057. What are the prime factors of g(s)?
53
Let c(i) = -116*i + 164. List the prime factors of c(-6).
2, 5, 43
Let b = -1753 - -5343. What are the prime factors of b?
2, 5, 359
Let b = 329 - 551. Let g = 440 + b. What are the prime factors of g?
2, 109
Let u(g) be the third derivative of -g**6/120 - g**5/15 + g**4/6 - 2*g**3 + 11*g**2 - g. List the prime factors of u(-7).
107
Let d be (-616)/(-33) - 2/(-6). Let a = d - 22. List the prime factors of ((-1)/a)/((-3)/(-288)).
2
Suppose -5*r = -2*r + 2*y + 28, r = y - 1. List the prime factors of ((-16)/(-24))/(r/(-1629)).
181
Suppose 8 = 4*c - 6*c, 382 = 3*g - c. List the prime factors of g.
2, 3, 7
Let w = -52 - -72. What are the prime factors of w?
2, 5
Let h(a) = 3*a + 9. Let q be h(-13). Let z(n) = -2*n**2 + 3*n + 3. Let f be z(-2). Let x = f - q. What are the prime factors of x?
19
Let q(f) = -f - 1. Suppose 15 = -3*z + 6. Let n be q(z). Suppose n*l - 57 + 13 = 0. List the prime factors of l.
2, 11
Suppose -6650 = -18*v + 460. What are the prime factors of v?
5, 79
Let x be (-3919)/(-4) + 1/4. Suppose -x + 132 = -8*r. List the prime factors of r.
2, 53
Suppose -4*i + 1558 = 2*t - 718, 575 = i + 2*t. What are the prime factors of i?
3, 7
Let c(v) = -v - 27. Let g(k) = -7. Let y(h) = -2*c(h) + 9*g(h). Let b be y(4). Let i(x) = 16*x**2. What are the prime factors of i(b)?
2
Let k(n) be the second derivative of n**4/12 + 7*n**3/6 + 3*n**2 + n. Let d be k(-6). List the prime factors of 11 - (d + -2 + -1).
2, 7
Let d = -5 + 8. Let u(a) = 4*a**3 - 5*a**2 + 2*a + 4. Let z be u(d). Let y = z - -2. What are the prime factors of y?
3, 5
Suppose 0 = 2*a - 100 + 2. Let l be (-21)/a - 1290/(-21). Suppose 5*b + 3*y = b + l, -5*y = 4*b - 51. List the prime factors of b.
19
Suppose -10 = 5*u - 5*i + 5, 2*i = -u + 12. Suppose 4*p = 10 - u. List the prime factors of p + -2 + 12/3.
2
Let y(h) = -3*h - 24. Let f be y(-3). What are the prime factors of 60/f - (-192)/2?
2, 23
Suppose -5*h = 25*h - 2460. List the prime factors of h.
2, 41
Let w(o) = -5*o. Let l be w(0). Suppose l = 14*m - 4556 - 218. List the prime factors of m.
11, 31
Let v(s) = 94*s**2 - 6*s - 7. List the prime factors of v(-1).
3, 31
Suppose -o - 3*o = 88. Let d = 143 + o. List the prime factors of d.
11
Suppose 3*s - 4750 = -q, -s + 3*q - 4*q = -1582. What are the prime factors of s?
2, 3, 11
Let x = 391 + -226. List the prime factors of x/3 + 6 + -3.
2, 29
Let z(g) = 1879*g - 62. List the prime factors of z(1).
23, 79
Suppose -7 - 2 = -3*g. Let f = 454 + -452. Suppose 0*h + f*h = -5*d + 94, -5*d + 96 = g*h. What are the prime factors of d?
2, 3
List the prime factors of 5298/51 - (-18)/153.
2, 13
Let u = 27 - 25. Suppose u*c = x - 188, 0*x = 3*x + 2*c - 596. Suppose -67 - 80 = -3*y + 2*t, -x = -4*y + 5*t. What are the prime factors of y?
7
Let v = -30 - -26. List the prime factors of (-22 + 0)/(v/12).
2, 3, 11
Let x = 12 + 8. Suppose 3*w - 214 = x. List the prime factors of w.
2, 3, 13
Let j(g) = -2*g**3 - 14*g**2 - 11*g - 28. What are the prime factors of j(-8)?
2, 47
Let j = -57 - -93. Let u = -32 + j. Suppose -198 = u*g - 10*g. What are the prime factors of g?
3, 11
What are the prime factors of (1 + -1085)*108/(-144)?
3, 271
Let h = -89 + 86. What are the prime factors of h + (-1 - (-129 - -2))?
3, 41
Suppose k - 205*l + 204*l - 3615 = 0, -5*k + 18091 = 3*l. List the prime factors of k.
3617
Let v(d) be the first derivative of d**3/3 + 2*d**2 - d - 11. What are the prime factors of v(-9)?
2, 11
Suppose 5*c = -0*c. Suppose 0 = 4*z - c*z + 4*w - 316, -2*w + 81 = z. Let x = z - 41. What are the prime factors of x?
2, 3
Suppose x - 2*w = -4*w - 246, -4*x + 5*w = 997. List the prime factors of (-3)/9 + x/(-6).
41
Suppose -3*v + 21 = 9. Suppose 0 = 4*h - d - 324, 0 = v*h - 2*d + 70 - 398. What are the prime factors of h?
2, 5
Let f(s) = -3*s - 4*s**3 - 11*s**3 + 5*s - s**2. What are the prime factors of f(-2)?
2, 7
Let g be 1/((3/3)/(-4)). Let u(r) = -3*r + 2. Let p(o) = 5*o - 3. Let y(q) = 4*p(q) + 7*u(q). List the prime factors of y(g).
2, 3
Let b = -1472 - -4380. List the prime factors of b.
2, 727
Suppose 2*w - 1052 = 24. List the prime factors of w.
2, 269
Let k(v) = v**2 - 2*v. Let m(u) = 5*u**3 - 2*u**2 + 2*u - 1. Let y be 1 + -3 + (4 - 1). Let x be m(y). List the prime factors of k(x).
2
Suppose 2*o - 4 = 0, 16 = 2*s - 5*s - o. Let c(p) = 3*p**2 + 6*p + 3. List the prime factors of c(s).
3, 5
Suppose -k - 5*v = 45, -4*k - 4*v = -k + 135. Let w = 229 + k. List the prime factors of w.
2, 23
Suppose 25 - 17 = -p. Let n(i) = -i**2 - 7*i + 17. What are the prime factors of n(p)?
3
Let d = 463 - 287. List the prime factors of d + (-3 - 1 - -1).
173
Suppose -4*b - d = 143, 131 = -4*b + d + 2*d. Let n = b + 46. What are the prime factors of n?
11
Let s(k) be the second derivative of 11*k**4/12 - 4*k**3/3 + 3*k**2 - 19*k. What are the prime factors of s(2)?
2, 17
Let w = -35 + 37. Suppose -w*l + 50 = -156. What are the prime factors of l?
103
Let h be (-1*1)/((-12)/204). Let f be (10 - -2)*(-3)/(-4). Let q = f + h. What are the prime factors of q?
2, 13
Let a(i) = 52*i**2 - 113*i + 2. List the prime factors of a(-3).
809
Let q = 663 + -374. What are the prime factors of q?
17
List the prime factors of (3/((-6)/424))/((-8)/4).
2, 53
Let w = 5129 - 3246. List the prime factors of w.
7, 269
Suppose 2*i + 1 = 3, -4*i = 3*q + 47. Let z = 33 + q. What are the prime factors of 19 + (z/4 - 3)?
2, 5
Suppose w + 15 - 48 = 0. Suppose 2*k - d + w = 0, -2*d + 3*d + 39 = -2*k. Let r = k - -24. List the prime factors of r.
2, 3
Suppose 0 = -13*t + 75 + 13068. What are the prime factors of t?
3, 337
List the prime factors of (-1339660)/392*(-16)/10.
2, 1367
Let x(u) be the first derivative of u**3/3 + 4*u**2 + 8*u - 63. Suppose -m - 5*v - 25 = 0, -3*v + 21 = -3*m - 0*m. List the prime factors of x(m).
2, 7
Let d = -3483 - -5658. List the prime factors of d.
3, 5, 29
Let i(v) = -4*v**3 - 4*v**2 + 7*v + 15. Let o(a) = -9*a**3 - 8*a**2 + 14*a + 31. Let q(n) = 5*i(n) - 2*o(n). List the prime factors of q(-4).
7
What are the prime factors of (-8)/(-22) + (-1404)/(-11)?
2
Suppose 96*b + 3084 = 98*b. What are the prime factors of b?
2, 3, 257
Suppose -12*p - 16*p + 15624 = 0. List the prime factors of p.
2, 3, 31
Suppose 0 = 5*b - 10. Suppose -36 = 2*o - 5*o. Suppose f = -b + o. List the prime factors of f.
2, 5
Let k(f) = 1. Let i(c) = c - 3.